 j composite?
True
Let a = -18 - -10. Is (-711)/(-3)*a/(-12) composite?
True
Let c(y) = y**2 - 9*y - 8. Let t be c(10). Suppose -t*b = 3*k - 29, b = 4*k - 2*k - 24. Suppose 2*o = -4*z + k + 5, -18 = -5*z - 3*o. Is z prime?
False
Let a = 8 - -123. Let q = -84 + a. Is q a prime number?
True
Let z(s) = s**3 - 6*s**2 + 4*s + 4. Let w be z(6). Suppose w - 203 = -5*t. Is t prime?
False
Let x = -1 - 0. Is 5*((-34)/(-10) - x) a composite number?
True
Suppose -68 - 32 = 2*t. Let g = t + 139. Is g a composite number?
False
Let h(z) = 17*z - 22. Let l(c) = -460*c + 595. Let f(q) = 55*h(q) + 2*l(q). Is f(11) composite?
True
Let c(r) = -16*r + 1. Let s be c(3). Is (2 - 9/3)*s a composite number?
False
Suppose 416 = 4*m - 4*i, -m - i + 217 = m. Suppose -f + 2*x + m = 0, -4*x = -0*f + 5*f - 465. Is f a composite number?
False
Suppose 3*i - 10 = 8. Is 97/2 - i/(-12) prime?
False
Let r = 14 + -10. Suppose -4*b - 16 = r*f, -f - 4*b = -3*f + 4. Is f/5 + 112/5 prime?
False
Let p = 83 + -13. Let c = p - 37. Is c a prime number?
False
Let w be (-12)/20 + (-38)/(-5). Suppose -41 = 6*f - w*f + 2*h, -2*f - 3*h + 68 = 0. Is f composite?
False
Suppose 2*f - 145 = -3*f. Let g = f + -15. Is (0 - g/(-4))*10 composite?
True
Let r be 16/(-24) - (-532)/6. Suppose -5*g + 239 = n, 0 = 2*g + 4*n - r - 22. Is g prime?
True
Is 478/8 + (-3)/4 a composite number?
False
Suppose -2*v + 54 = -0*v + 2*m, -v + m = -23. Suppose 5*s - v = -5*z, s + 8 = 5*s + z. Is s*-2 + 12 + 0 composite?
True
Is 125 - (6/(-3) - 0) composite?
False
Let a be ((-64)/5)/((-1)/(-35)). Let o = 889 + a. Suppose 311 = 3*p + 5*w, 5*p - 3*w - o = 32. Is p composite?
False
Suppose q = 3*q - 8. Is (-237)/(-2)*(q - 2) composite?
True
Let p be (14/(-5))/(1/(-5)). Let q = 9 - 7. Is (p/(-4))/((-1)/q) a composite number?
False
Let b(u) = 2*u**3 - 7*u**2 + 12*u + 15. Is b(6) a composite number?
True
Is (8324/20)/(3/15) composite?
False
Let d = 0 - 2. Let z = -874 + 385. Is (d/6)/(1/z) a prime number?
True
Let p be (4 - 2) + 2 + 1. Suppose p*s = -0*s + 310. Is s prime?
False
Let p(o) = -71*o - 1. Let w be p(-1). Is -4 + 3 + -2 + w prime?
True
Suppose 0 = -2*v - 5*o - 206, -3*v + 2*o = -v + 234. Let c = -66 - v. Is c composite?
False
Let w = -1509 - -2786. Is w a composite number?
False
Suppose -g + 650 = h, 2*h + g - 1285 = -4*g. Suppose 6*m - m - h = 0. Is m a composite number?
False
Let t(l) = -l**2 - 5*l - 13. Let m be t(-11). Let o = m - -132. Is o a composite number?
False
Suppose -151 - 613 = -4*p. Is p a prime number?
True
Let y = 16 - 2. Is y a composite number?
True
Suppose 0 = 2*j - 4*b - 4, -j = -2*b - 3*b - 11. Let o = j + 12. Suppose -2*s + 3*y + 275 = 0, 9 = -o*y + 5*y. Is s a prime number?
False
Let a be (-1)/(3/(-33)) - 3. Suppose 0 = -3*b + z + 2, 2*b + a*z - 3*z - 24 = 0. Is b prime?
True
Suppose -733 + 3449 = 4*l. Is l composite?
True
Let j = -4 + 2. Is 4*((-142)/(-8) - j) a prime number?
True
Suppose -4*f = -2*f - 1442. Is f prime?
False
Let b(p) = 5 - 2 - 3*p**2 + 4*p**3 - 5*p - p**2 - 5*p**3. Is b(-5) composite?
False
Let n = 9 - 7. Suppose 0 = n*q - 1396 + 90. Is q a prime number?
True
Let d(l) = -5 + l**3 + 2*l**2 + 7*l**2 - 4*l + 3*l. Suppose -2*n - 20 = z, 2*z - 3*z = 5*n + 44. Is d(n) composite?
False
Let o(r) = 0*r - 5 + 12 - 4*r. Is o(-7) prime?
False
Let q = 7 - 5. Suppose -q*k + 93 = k. Is k composite?
False
Let q(j) = -j**2 - 3*j + 2. Let x be q(-3). Let s be (-2)/(((-4)/9)/x). Suppose -4*f = -s*f + 175. Is f a prime number?
False
Let v be (-2)/4 + (-4)/8. Suppose 193 = 5*w - w + 5*k, 0 = -5*w - 4*k + 248. Is w - (v - 0)*1 composite?
False
Let n(t) = t**2 - 7*t + 7. Let l be n(6). Suppose l - 9 = -2*s. Suppose b + 3*c - 183 = -2*b, -5*c - 280 = -s*b. Is b a composite number?
True
Let q = 5318 - 2955. Is q prime?
False
Suppose 0 = -0*g + 2*g. Suppose g = 2*c - 5 - 13. Is c a composite number?
True
Suppose -2*s + 0 = -2*o + 22, -o + 9 = -2*s. Let g(u) = o*u**2 - 3*u + 3*u + 0*u - 2*u - 3. Is g(-2) composite?
False
Suppose 3*o + 8 = -0*d - 4*d, o = -5*d - 21. Suppose 2*r = -o*z + 28, -2*z - 4*r = 3 - 5. Is z a composite number?
True
Let h(w) = 5*w - 1. Suppose -4*q + 2*a + 4 = 12, 0 = 5*a - 10. Let l be h(q). Is 278*(2 + l/4) composite?
False
Is 2 - 0 - (-41375)/25 prime?
True
Let m = -6 - -8. Suppose -2*z + 3*q = -2*q + m, 28 = -3*z - 5*q. Is (z/(-5))/((-2)/(-10)) a prime number?
False
Let f = 7 + -5. Is (3/f)/(15/380) prime?
False
Suppose -10*m + 6*m + 2560 = 0. Suppose -2*s + 636 = 2*o, 5*o - 3*o - 2*s - m = 0. Is o a prime number?
False
Suppose -5*b + 5 = -26520. Is b a composite number?
True
Suppose -5*k + 25 = 0, -t + k = -0*k + 2. Suppose 0 = -3*j + 2*y + 167, -2*j + 0*j - t*y = -107. Is j a composite number?
True
Let h = 8 + -13. Is (-2)/(-10) + (-294)/h composite?
False
Let i be 2018/6 - 2/(-3). Suppose 25 = 5*k, 2*s + 2*k = -s + i. Is s composite?
False
Suppose a - 52 = 7*r - 3*r, a - 10 = r. Let c be (-276)/(-14) - 4/r. Is c*(1/(-4) - -1) a prime number?
False
Suppose 6*o = 2*o + 212. Is o a composite number?
False
Suppose 1 - 11 = -2*w. Suppose j - 13 = -2*l, -13 = -w*l + 2*j + 24. Is l composite?
False
Let d(p) = -p**2 - 5*p + 5. Let o be d(-5). Suppose -h + 2*h = 0, 3*h = -o*n + 20. Suppose 21 = -n*b + 121. Is b a composite number?
True
Let w(b) = 17*b - 6. Is w(7) a composite number?
False
Let c(p) = -3 - 10*p**3 + 4 - 11*p**3 - p**2. Let y be c(-1). Let q = 5 + y. Is q a prime number?
False
Let r(h) = -14*h + 7. Suppose 4*s + 20 = -0. Is r(s) a prime number?
False
Let b = -2713 + 4224. Is b a composite number?
False
Let f be (-6)/(-1)*(-1)/(-2). Suppose 2*s = -2*s + 112. Suppose -14 - s = -f*g. Is g a prime number?
False
Let p(q) = 4*q + 1. Let j(l) = 4*l. Let k(h) = 4*j(h) - 6*p(h). Is k(-4) prime?
False
Let j be (-3173)/(-7) - 16/56. Let c = j + -166. Is c a prime number?
False
Suppose 0 = 3*y - 5*d + 14, -3*y + 4*d - 8 = y. Suppose 26 = -y*i + 3*i. Is i a composite number?
True
Let q be (-4)/(-3)*(-18)/12. Is (-11 - 0)/(q/4) a composite number?
True
Let x(u) = 2*u - 4. Let s be x(4). Suppose o = s*o - 267. Is o prime?
True
Suppose -77 = -2*s + 3*q, -4*s + 189 = -2*q + 3*q. Is s composite?
True
Let i be (2 - 1 - 0) + 1. Let t(k) = -k**2 + 44. Let r be t(0). Is ((-5)/i)/((-2)/r) composite?
True
Let g = 3345 - 1952. Is g composite?
True
Let f(v) = 310*v**2 - v - 1. Let o be f(-1). Let r = o + -195. Is r prime?
False
Let l(r) = 3*r**3 - 3*r**2 - 5*r + 3. Is l(4) a composite number?
False
Is -7*(-158)/(0 + 2) a prime number?
False
Let k(m) = -73*m - 12*m + 1 - 6. Is k(-4) prime?
False
Let d = 44 - 25. Is d composite?
False
Let q be (3/(-12))/((-1)/20). Suppose -375 = -0*d - 3*d - 3*z, 3*d + q*z = 371. Is d composite?
False
Suppose 0 = -2*x + 5*r + 746, 3*x = -3*r + 754 + 407. Is x a prime number?
True
Let l(n) = -6*n**2 + 10*n + 3. Let x be l(7). Is 0 - x - (14 - 14) a prime number?
False
Suppose 0 = 5*j - 3 - 7, 0 = -t + 5*j + 307. Is t prime?
True
Suppose 0 = 3*q + 2*d - 49, -5*q + d = -0*q - 99. Suppose a - 93 + q = 0. Is a prime?
False
Let k(c) = -c - 9. Let y be k(-17). Let m(u) = 4*u**2 - 2*u - 3. Is m(y) a composite number?
True
Suppose 3*p = -4*r + 3 + 77, 2*p + 3*r = 54. Let i be 4/(-14) - 130/(-14). Let b = i + p. Is b composite?
True
Let v be (-2)/(-16) + 195/40. Suppose -32 = -3*l + 5*m, 0*l = v*l + 4*m - 115. Is l composite?
False
Suppose -2*d - d - 2*p + 1417 = 0, -d + 3*p = -476. Suppose u - 2 = -0. Suppose -u*a - 51 = -d. Is a a prime number?
True
Suppose d = 3*o + 220, 2*d - 5*o = 76 + 368. Let v = -105 + d. Is v a prime number?
True
Let l be 32/20 - (-6)/15. Is 267/2 + l/(-4) composite?
True
Is 7*(2564/(-10))/((-4)/10) composite?
True
Suppose 2*h + 1574 = 4*h. Is h a composite number?
False
Suppose i - 5*g = 626, -2*i - 4*g + g = -1265. Is i a prime number?
True
Let a be ((-15)/(-9))/(-2 + 1142/570). Let r = 0 + 2. Suppose r*b - a = -3*b. Is b prime?
False
Suppose -5 = -g - 1. Suppose -5*l + g*d - 25 = 1, 5*d - 20 = 0. Is l/(-3 + 355/119) a composite number?
True
Let g = -740 + 2486. Let v = -995 + g. Is v a composite number?
False
Let d(a) = -27*a - 4. Let i(p) be the second derivative of p**2/2 + p. Let r(o) = d(o) + i(o). Is r(-2) a composite number?
True
Suppose -3*j = -9*j - 6. Suppose 3*v - 48 - 72 = 0. Let l = v + j. Is l a composite number?
True
Suppo